{"id":60,"date":"2023-01-02T21:00:12","date_gmt":"2023-01-02T20:00:12","guid":{"rendered":"https:\/\/www.lesmournandises.fr\/?post_type=product&#038;p=60"},"modified":"2023-06-09T21:25:02","modified_gmt":"2023-06-09T19:25:02","slug":"tropezienne","status":"publish","type":"product","link":"https:\/\/www.lesmournandises.fr\/index.php\/produit\/tropezienne\/","title":{"rendered":"Trop\u00e9zienne"},"content":{"rendered":"","protected":false},"excerpt":{"rendered":"<p><span class=\"_aacl _aaco _aacu _aacx _aad7 _aade\">Brioche au sucre fourr\u00e9e d\u2019une cr\u00e8me l\u00e9g\u00e8re parfum\u00e9e \u00e0 la vanille et \u00e0 la fleur d\u2019oranger<\/span><\/p>\n<p>Existe aussi en version uniquement parfum\u00e9e \u00e0 la vanille de Madagascar.<\/p>\n<p><strong>8 parts<\/strong><\/p>\n","protected":false},"featured_media":79,"comment_status":"open","ping_status":"closed","template":"","meta":[],"product_brand":[],"product_cat":[21],"product_tag":[22,27],"class_list":{"0":"post-60","1":"product","2":"type-product","3":"status-publish","4":"has-post-thumbnail","6":"product_cat-tartes","7":"product_tag-tarte","8":"product_tag-tropezienne","10":"first","11":"instock","12":"shipping-taxable","13":"purchasable","14":"product-type-variable","15":"has-default-attributes"},"jetpack_sharing_enabled":true,"_links":{"self":[{"href":"https:\/\/www.lesmournandises.fr\/index.php\/wp-json\/wp\/v2\/product\/60","targetHints":{"allow":["GET"]}}],"collection":[{"href":"https:\/\/www.lesmournandises.fr\/index.php\/wp-json\/wp\/v2\/product"}],"about":[{"href":"https:\/\/www.lesmournandises.fr\/index.php\/wp-json\/wp\/v2\/types\/product"}],"replies":[{"embeddable":true,"href":"https:\/\/www.lesmournandises.fr\/index.php\/wp-json\/wp\/v2\/comments?post=60"}],"wp:featuredmedia":[{"embeddable":true,"href":"https:\/\/www.lesmournandises.fr\/index.php\/wp-json\/wp\/v2\/media\/79"}],"wp:attachment":[{"href":"https:\/\/www.lesmournandises.fr\/index.php\/wp-json\/wp\/v2\/media?parent=60"}],"wp:term":[{"taxonomy":"product_brand","embeddable":true,"href":"https:\/\/www.lesmournandises.fr\/index.php\/wp-json\/wp\/v2\/product_brand?post=60"},{"taxonomy":"product_cat","embeddable":true,"href":"https:\/\/www.lesmournandises.fr\/index.php\/wp-json\/wp\/v2\/product_cat?post=60"},{"taxonomy":"product_tag","embeddable":true,"href":"https:\/\/www.lesmournandises.fr\/index.php\/wp-json\/wp\/v2\/product_tag?post=60"}],"curies":[{"name":"wp","href":"https:\/\/api.w.org\/{rel}","templated":true}]}}