{"id":62,"date":"2023-01-02T21:51:43","date_gmt":"2023-01-02T20:51:43","guid":{"rendered":"https:\/\/www.lesmournandises.fr\/?post_type=product&#038;p=62"},"modified":"2023-02-09T14:13:27","modified_gmt":"2023-02-09T13:13:27","slug":"tarte-poire-amande","status":"publish","type":"product","link":"https:\/\/www.lesmournandises.fr\/index.php\/produit\/tarte-poire-amande\/","title":{"rendered":"Tarte Poire Amande"},"content":{"rendered":"","protected":false},"excerpt":{"rendered":"<p><span class=\"_aacl _aaco _aacu _aacx _aad7 _aade\">P\u00e2te sabl\u00e9e maison garnie d\u2019une cr\u00e8me amandine, de poires poch\u00e9es \u00e0 la vanille, et d\u2019amandes effil\u00e9es.<br \/>\n<\/span><br \/>\n<span class=\"_aacl _aaco _aacu _aacx _aad7 _aade\">Sucre glace et nappage pour la finition<\/span><\/p>\n<p><strong>8 parts<\/strong><\/p>\n","protected":false},"featured_media":17,"comment_status":"open","ping_status":"closed","template":"","meta":[],"product_brand":[],"product_cat":[21],"product_tag":[25,26,22],"class_list":{"0":"post-62","1":"product","2":"type-product","3":"status-publish","4":"has-post-thumbnail","6":"product_cat-tartes","7":"product_tag-amande","8":"product_tag-poire","9":"product_tag-tarte","11":"first","12":"instock","13":"shipping-taxable","14":"purchasable","15":"product-type-simple"},"jetpack_sharing_enabled":true,"_links":{"self":[{"href":"https:\/\/www.lesmournandises.fr\/index.php\/wp-json\/wp\/v2\/product\/62","targetHints":{"allow":["GET"]}}],"collection":[{"href":"https:\/\/www.lesmournandises.fr\/index.php\/wp-json\/wp\/v2\/product"}],"about":[{"href":"https:\/\/www.lesmournandises.fr\/index.php\/wp-json\/wp\/v2\/types\/product"}],"replies":[{"embeddable":true,"href":"https:\/\/www.lesmournandises.fr\/index.php\/wp-json\/wp\/v2\/comments?post=62"}],"wp:featuredmedia":[{"embeddable":true,"href":"https:\/\/www.lesmournandises.fr\/index.php\/wp-json\/wp\/v2\/media\/17"}],"wp:attachment":[{"href":"https:\/\/www.lesmournandises.fr\/index.php\/wp-json\/wp\/v2\/media?parent=62"}],"wp:term":[{"taxonomy":"product_brand","embeddable":true,"href":"https:\/\/www.lesmournandises.fr\/index.php\/wp-json\/wp\/v2\/product_brand?post=62"},{"taxonomy":"product_cat","embeddable":true,"href":"https:\/\/www.lesmournandises.fr\/index.php\/wp-json\/wp\/v2\/product_cat?post=62"},{"taxonomy":"product_tag","embeddable":true,"href":"https:\/\/www.lesmournandises.fr\/index.php\/wp-json\/wp\/v2\/product_tag?post=62"}],"curies":[{"name":"wp","href":"https:\/\/api.w.org\/{rel}","templated":true}]}}